5916474?
True
Does 247 divide 17194658?
True
Does 12 divide 3304750477?
False
Is 1882427 a multiple of 23?
False
Does 5 divide 83607920?
True
Is 7 a factor of 2839536?
True
Does 58 divide 108210820?
False
Is 27 a factor of 177998715?
True
Does 1242 divide 104899897?
False
Does 44 divide 164153944?
False
Is 160002052 a multiple of 28?
True
Is 53 a factor of 11831455?
True
Is 319 a factor of 33408232?
True
Is 254494240 a multiple of 1001?
True
Is 99 a factor of 23714236?
False
Does 18 divide 14620842?
True
Is 139 a factor of 62655607?
False
Is 22888604 a multiple of 29?
False
Is 2234011 even?
False
Is 1708397161 a multiple of 718?
False
Is 6959717467 a multiple of 18387?
False
Is 20 a factor of 43194738?
False
Is 1931 a factor of 3376274740?
False
Does 514 divide 2650939?
False
Is 22908490 a multiple of 1243?
True
Is 46270227 a multiple of 18?
False
Does 688 divide 18679988?
False
Is 1139 a factor of 959967?
False
Is 181 a factor of 22185219?
False
Is 214 a factor of 165786846?
False
Is 132649280 a multiple of 1072?
True
Is 22 a factor of 1125341448?
True
Is 24187896 a multiple of 324?
True
Is 24791403 a multiple of 436?
False
Is 37 a factor of 3386784?
False
Is 181629851 a multiple of 85?
False
Is 98593200 a multiple of 24?
True
Is 1314139788 a multiple of 54?
True
Is 1997423082 a multiple of 740?
False
Is 1503457984 a multiple of 64?
True
Does 45 divide 105340407?
False
Does 22 divide 302538522?
True
Is 38000355 a multiple of 2538?
False
Is 443505916 a multiple of 6139?
True
Does 108 divide 764446448?
False
Is 254123981 a multiple of 99?
False
Does 4548 divide 3202733436?
True
Is 77 a factor of 31821815?
False
Does 148 divide 30212554?
False
Is 94431018 a multiple of 2987?
True
Does 14 divide 5610731?
False
Is 15 a factor of 364328547?
False
Is 83693 a multiple of 2?
False
Is 27352177 a multiple of 433?
True
Does 3227 divide 674810283?
False
Is 14 a factor of 1988532660?
False
Is 3 a factor of 4395182?
False
Is 66 a factor of 11074404?
True
Is 9 a factor of 54797760?
True
Does 63 divide 24353910?
True
Is 26160550 a multiple of 241?
True
Is 3392 a factor of 155920765?
False
Is 4 a factor of 21962245?
False
Is 1267660602 a multiple of 582?
True
Is 39 a factor of 287260857?
True
Is 3352650 a multiple of 150?
True
Is 448082558 a multiple of 154?
True
Does 475 divide 19110675?
True
Is 19 a factor of 118902?
True
Does 10 divide 94577240?
True
Is 28 a factor of 356487824?
True
Does 164 divide 52125104?
True
Is 1928935411 a multiple of 169?
True
Is 693 a factor of 213352132?
False
Is 56 a factor of 2716616?
True
Is 769076144 a multiple of 661?
True
Is 239 a factor of 1077176831?
False
Does 2 divide 985196?
True
Is 949 a factor of 418513745?
True
Does 8 divide 6134681?
False
Is 336621307 a multiple of 9?
False
Is 6009 a factor of 251837190?
True
Is 1161141522 a multiple of 138?
True
Is 80 a factor of 26331698?
False
Does 394 divide 90103860?
True
Is 372274280 a multiple of 1910?
True
Does 10 divide 2787760143?
False
Is 110 a factor of 562147410?
True
Is 198758478 a multiple of 54?
False
Is 6494 a factor of 183815085?
False
Is 24046849 a multiple of 23?
False
Does 1066 divide 1538012195?
False
Does 123 divide 489842384?
False
Is 1899 a factor of 304995065?
False
Is 129 a factor of 5890269?
True
Is 386 a factor of 31789030?
True
Does 63 divide 135932328?
True
Is 1859 a factor of 415264772?
False
Is 2018234071 a multiple of 1379?
True
Is 578201130 a multiple of 29?
True
Does 1580 divide 74636040?
True
Is 80 a factor of 4851226?
False
Does 901 divide 31476175?
False
Is 1465204289 a multiple of 21?
False
Is 1548202572 a multiple of 17514?
True
Is 2 a factor of 3427921?
False
Is 4616020 a multiple of 20?
True
Is 18 a factor of 966986673?
False
Is 585965860 a multiple of 4063?
True
Is 5 a factor of 294714?
False
Does 197 divide 1398312?
False
Is 6 a factor of 38138916?
True
Is 164 a factor of 7438384?
True
Is 9 a factor of 89829081?
True
Is 46699652 a multiple of 1971?
False
Is 1896316 a multiple of 158?
True
Does 7 divide 168444178?
True
Is 88041204 a multiple of 1884?
True
Does 2774 divide 126205904?
True
Does 14 divide 105790199?
False
Is 4 a factor of 377086629?
False
Is 5817480 a multiple of 17?
False
Is 13770238 a multiple of 385?
False
Is 1058558319 a multiple of 3393?
True
Does 86 divide 38596238?
False
Is 117027344 a multiple of 2324?
True
Does 1860 divide 368388654?
False
Does 11 divide 2156585667?
False
Does 40 divide 7359200?
True
Does 138 divide 21596724?
True
Is 3174 a factor of 133648870?
False
Is 1647 a factor of 54339798?
False
Is 70 a factor of 969212370?
True
Does 1218 divide 1208515434?
True
Is 153170665 a multiple of 325?
False
Does 114 divide 982201270?
False
Is 23025361 a multiple of 17?
True
Does 476 divide 449593262?
False
Is 126 a factor of 1212557598?
True
Is 37 a factor of 112849725?
False
Is 13956466 a multiple of 571?
False
Does 71 divide 128833483?
False
Is 10645200 a multiple of 80?
True
Does 1964 divide 946224588?
False
Does 38 divide 46681708?
True
Does 30 divide 268104847?
False
Does 3 divide 46794806?
False
Does 45 divide 7470367?
False
Does 10 divide 36235961?
False
Does 5306 divide 318871724?
False
Is 20 a factor of 407279965?
False
Is 65186292 a multiple of 2545?
False
Is 23 a factor of 116489687?
True
Does 9402 divide 3807913842?
False
Is 399 a factor of 1300850124?
True
Is 321 a factor of 17812611?
True
Is 122 a factor of 190126264?
True
Is 1572101475 a multiple of 35?
True
Is 140 a factor of 214344760?
True
Is 31 a factor of 167898980?
False
Is 409 a factor of 76617857?
False
Is 34 a factor of 27309650?
True
Does 416 divide 1588272608?
True
Is 4886 a factor of 2306799078?
False
Does 117 divide 60097251?
False
Does 8 divide 7780616?
True
Is 349 a factor of 951480096?
True
Is 223995 a multiple of 137?
True
Is 524 a factor of 17644128?
True
Is 1354 a factor of 102989302?
True
Does 6 divide 7091498?
False
Is 154660209 a multiple of 18?
False
Is 72 a factor of 1857960?
True
Is 9 a factor of 6361628?
False
Does 365 divide 926556150?
True
Is 59064705 a multiple of 105?
True
Is 565628803 a multiple of 312?
False
Is 846844117 a multiple of 85?
False
Is 1682 a factor of 51869520?
False
Is 290 a factor of 5688350?
True
Does 129 divide 23467809?
True
Is 10 a factor of 697835989?
False
Is 6127426 a multiple of 6?
False
Is 4297 a factor of 1496371567?
False
Is 86179069 a multiple of 10?
False
Does 115 divide 87047177?
False
Is 687 a factor of 45648944?
False
Is 1348 a factor of 77809838?
False
Does 580 divide 34167220?
True
Does 17 divide 22954811?
True
Does 1387 divide 1445556366?
True
Is 10 a factor of 31865053?
False
Is 425 a factor of 1613029167?
False
Does 38 divide 2723555?
False
Is 23 a factor of 4222841792?
False
Is 434843946 a multiple of 502?
True
Is 251742148 a multiple of 5679?
False
Does 64 divide 36841486?
False
Is 880185614 a multiple of 3278?
True
Does 1959 divide 3558856530?
True
Is 4 a factor of 1031948?
True
Is 18 a factor of 2200806?
True
Is 12 a factor of 238142004?
True
Is 14131902 a multiple of 4?
False
Is 438653908 a multiple of 239?
True
Is 699 a factor of 267393129?
False
Does 145 divide 14359205?
True
Does 117 divide 430257148?
False
Does 9 divide 666288270?
True
Does 74 divide 39466406?
False
Does 9 divide 1199006604?
True
Is 98518146 a multiple of 35?
False
Is 32460588 a multiple of 27?
True
Is 49153690 a multiple of 69?
False
Does 1538 divide 7608381840?
False
Is 1337 a factor of 20367106?
False
Is 797 a factor of 932120192?
True
Does 3350 divide 312049150?
True
Does 82 divide 333452717?
False
Is 2371 a factor of 597129237?
True
Does 1386 divide 42625044?
True
Does 72 divide 1962059256?
True
Is 488231640 a multiple of 20?
True
Does 3545 divide 264963845?
False
Does 3 divide 712441553?
False
Does 5181 divide 473071154?
False
Is 2236496041 a multiple of 19?
False
Is 117 a factor of 1873370450?
False
Is 127545785 a multiple of 796?
False
Is 6 a factor of 51439170?
True
Does 23 divide 1022778214?
True
Does 9 divide 337545295?
False
Is 11145229 a multiple of 26?
False
Does 61 divide 230410115?
True
Is 169 a factor of 69069596?
False
Does 39 divide 122615652?
False
Is 6125 a factor of 345027375?
True
Does 15 divide 227034915?
True
Is 594 a factor of 24207876?
True
Is 94131582 a multiple of 379?
False
Is